
Suppose -u - 14 = -16. Let v(s) = 59*s**u + 2*s**3 - 21*s**2 - 3*s**3 - 25*s**2 - 2*s. What is the tens digit of v(6)?
4
Let s(c) = c**3 + 5*c**2 - 6*c. Let p be s(-6). Let d(o) = 14*o + 359. What is the units digit of d(p)?
9
Suppose -v - 3*t + 88 = 0, 5*v = 4*t + 550 - 186. Suppose 83*g = v*g + 126. What is the tens digit of g?
1
Let d = -12597 + 17735. What is the units digit of d?
8
Suppose -6*d + 272 - 1430 = 0. Let b be (-48)/(-10)*(-1020)/(-18). Let v = b + d. What is the units digit of v?
9
Let p = -44 - -14933. What is the thousands digit of p?
4
Let h be ((-60)/16 - (-8)/(-32)) + -385. Let s = h + 546. What is the hundreds digit of s?
1
Let b = -428 + 432. Suppose -b*v + 299 = -53. What is the tens digit of v?
8
Let w(s) = -s**3 - 24*s**2 + 7*s - 456. What is the hundreds digit of w(-26)?
7
Let k be 0 - (15 + -8 - (-4)/(-4)). Let y(f) = -4*f**3 - 9*f**2 - 19*f + 19. What is the units digit of y(k)?
3
Suppose -2*u = 5*d - 57984, d = 2*u + 12465 - 873. What is the units digit of 1/(-9) - (d/(-36) - -4)?
8
Suppose 10*r - 654 = 966. Let g(c) = 27*c - 4. Let y be g(-3). Let p = r + y. What is the tens digit of p?
7
Suppose 7*g + 36*g - 1171172 - 349007 = 0. What is the tens digit of g?
5
Let o be -3 - -9 - 0 - 4. What is the tens digit of 10 + 62 + o*-2 + 3?
7
Let j = -13 + 17. Suppose -4*l - j*k = -16 + 4, -l - 5*k = -3. Suppose 5*r + 5*h - 295 = 0, -24 = l*r - 2*h - 206. What is the units digit of r?
0
Let r be 2 + (-2 + 1)*(-58992)/16. Suppose -2*x + 4*z - 3*z = -2464, r = 3*x + 2*z. What is the units digit of x?
1
Suppose -3*t + 12 = -2*p, t + 1 = -14*p + 13*p. Suppose -2*a + l = 2*a - 5505, t*a = -3*l + 2749. What is the hundreds digit of a?
3
Let w(k) = k**2 + 9*k - 19. Let n be w(-9). Let o = n - -18. What is the units digit of ((-3)/3)/(o/8)?
8
Let d(m) = m**3 - 3*m**2 - 7*m + 9. Let p be d(5). Let t(r) = 2 - p*r + 7 - 3 - 4. What is the tens digit of t(-2)?
5
Suppose 5*d - r = 2175 + 4152, 4*d - 5062 = r. Let b = d - 451. What is the units digit of b?
4
What is the tens digit of -43 - 1886/(-46) - 969*-5*2?
8
Let p(r) = 60*r - 1. Suppose 0 = 5*f - 0 - 5. Let l be p(f). Suppose g - z - l = 0, 4*z + 85 = 5*g - 205. What is the units digit of g?
4
What is the units digit of ((-6)/(-1))/(10 - ((-163715)/(-23390) + 3))?
6
What is the thousands digit of (24 + -32 - 145210/(-6)) + 5/(-3)?
4
Let g = 26009 + 3605. What is the units digit of g?
4
Let p = 1881 - 43. What is the hundreds digit of p?
8
Let p be -3 - ((-7 - -2) + -3). Suppose 6*d + 6 = 4*d, -4*n + 3045 = p*d. What is the tens digit of n?
6
Let p = -44 + 46. Suppose w - 12 + 1 = -4*o, -p*w + 5*o + 48 = 0. Suppose 270 = 4*r + l - w, 148 = 2*r + 4*l. What is the units digit of r?
2
Let z be (-1)/(7 + 87872/(-12552)). Suppose 5*l + 15 = 0, 3*l - z = -3*k - l. What is the tens digit of k?
2
Let b(f) = -4*f - 14. Let l be b(-4). Suppose 0 = 3*a + 2*k - 208 - 132, 3*k = -3*a + 342. Suppose l*z = a + 28. What is the units digit of z?
0
Suppose 23*y - 86361 = 44509. What is the thousands digit of y?
5
Suppose -3*t = -3, -2*w + 5*t = 6*t - 9. Suppose 41 + 147 = 4*c. What is the units digit of (-3 + c)/(-3 + w)?
4
Let t be (-1626)/(-30) + (-2)/10. Let u be (-3)/(1 - t/53). Suppose -4*j + 8 = -4, 2*w - 3*j - u = 0. What is the tens digit of w?
8
Suppose -30*r - 93 = 27. Let s be 1 + 3 + 10 + 1. What is the tens digit of -3*(r - 355/s)?
8
Suppose 5*a - d = 10, 3*a + 3*d = 4*a - 2. Let r(t) = -6 + 3 + 6 - t + 5*t**2 + a. What is the tens digit of r(-4)?
8
Suppose 206337 + 186947 + 1821 = 95*a. What is the units digit of a?
9
Suppose -24*a - 30*a + 689976 = 9*a. What is the hundreds digit of a?
9
What is the ten thousands digit of (2727/36 + 1)*328?
2
Let f = 1671 + -336. What is the tens digit of f?
3
Let g = 21 - 13. Suppose 2*v - 4*m = 26, -22 - g = -5*v + 3*m. Let k(b) = b**3 - 3*b**2 + 2*b + 3. What is the units digit of k(v)?
9
Suppose 0 = 54*u - 73022 - 18400. What is the units digit of u?
3
Suppose 4*o - 39 = -3*u, -4*o + 9*u - 11*u + 34 = 0. Suppose 2*j + 872 = o*j. What is the tens digit of j?
1
Suppose 44*t = 39*t - 3*i - 1385, 4*i - 20 = 0. What is the tens digit of 16*(-12)/7*t/10?
6
Let b = -153 + 155. Suppose b*s - 660 = w, 1332 = 4*s - w + 2*w. What is the hundreds digit of s?
3
Suppose -5*l = -0*l + 725. What is the tens digit of l/2*(256/(-40) - -4)?
7
Let u be -6 + (-15)/(-3) + (1 - -155). Let r be (-2 - (-1 + 0)) + u. Let q = -79 + r. What is the tens digit of q?
7
Let o = 18 - -498. Suppose -5*z = -3*f + o - 3599, -2465 = -4*z + f. What is the hundreds digit of z?
6
Let y = -7313 + 12959. What is the hundreds digit of y?
6
Let c = -6695 + 9646. What is the units digit of c?
1
Suppose 3*x = -20 + 26. Suppose -2*j + 2*c + 738 = 0, 1109 = 6*j - 3*j - x*c. What is the hundreds digit of j?
3
Suppose 0 = -4*q - 2*q - 18. Let i = q - -6. Suppose -4*h - i*d + 180 = 2*d, 3*d + 162 = 3*h. What is the tens digit of h?
5
Let w = 247818 - 170895. What is the tens digit of w?
2
Let y(h) = 2*h + 1. Let v be y(8). Suppose 9*c = v*c - 544. What is the units digit of c?
8
Suppose 784 = -3*d - 2*k, -3*k - 452 - 64 = 2*d. Let h = d - -487. Suppose -2*n = 2*n - 5*w - h, -2*w = 3*n - 173. What is the tens digit of n?
5
Let g(v) = 8*v**3 - 4*v**2 + 3*v - 7. Let x be 2/9 - 375/(-135). What is the tens digit of g(x)?
8
Let u(t) = -131*t + 1102. What is the tens digit of u(-48)?
9
Suppose 72*s - 1021812 = -91284. What is the units digit of s?
4
Suppose 4*h = -16, -27 + 1 = k + 4*h. Let q = k - -134. What is the units digit of q?
4
What is the units digit of 1*(70/(-7) + -2 + 33353)?
1
Suppose 6*g = 49 - 7. Let r be (-84)/g*27/2. What is the units digit of 8/(-42)*r*7?
6
Suppose -5*c + 8*n + 171072 = 7*n, -5*c + 3*n = -171056. What is the thousands digit of c?
4
Let d = 674 - 354. Suppose -3*l = 5*z - 8*l - d, -5*z - 3*l + 328 = 0. What is the units digit of z?
5
Let z(n) = -20*n + 3. Let g be z(-2). Let a = 57 - g. What is the units digit of (a/(-4))/(10/(-220))?
7
Suppose -191 + 89 = 6*m. Let d(t) = 4*t**2 + 18*t + 1. What is the units digit of d(m)?
1
Let z be (3 + -2)/(2/4). Suppose 1026 - 370 = z*q. What is the tens digit of q?
2
Let h(r) = -22*r**2 - r + 22. Let t(f) = -22*f**2 - f + 22. Let l(o) = -4*h(o) + 3*t(o). What is the hundreds digit of l(-5)?
5
Let a = 18872 + -12750. What is the hundreds digit of a?
1
Suppose -5*f = 3*o - 2*f - 5676, -4*o = 5*f - 7568. What is the hundreds digit of o?
8
Let u(d) = 48*d**3 + 13*d**2 - 40*d - 12. What is the units digit of u(4)?
8
Suppose -5*v + 4*v = 0. Suppose v = 4*f + 3*f - 49. Suppose -31 = -t - 4*b, -5*b - f = t - 37. What is the units digit of t?
5
Let y = 1366 - 2743. Let t = y - -2320. What is the tens digit of t?
4
Suppose -305*u + 1128996 + 4333283 = 509079. What is the hundreds digit of u?
2
Suppose -o + 41*v - 12 = 42*v, -v = -2*o - 21. What is the hundreds digit of ((-51)/2)/(o/(-132)*-2)?
1
Let v(n) = n + 214. Let h be v(-35). Let b = h + 15. What is the units digit of b?
4
Let o = 3108 + 13276. What is the thousands digit of o?
6
Let p(t) = t**2 - 11*t - 42. Let i be p(20). What is the units digit of i/(-4)*1260/(-135)?
2
Let c be ((-3)/(-1))/((408/16)/17). Suppose 2*p = -13*r + 14*r + 342, -c*r + 676 = 4*p. What is the hundreds digit of p?
1
Let o be 9/(-6)*2 - (-590 - -3). Suppose o*v - 577*v - 2499 = 0. What is the hundreds digit of v?
3
Suppose -2*n + 5*u - 2 = 0, -5*n = 7*u - 9*u - 16. Suppose -n*f + 1680 = 2*f. What is the tens digit of f?
8
Let k(y) = y**3 - 3. Let c be k(2). Suppose 3 + c = 2*w. Suppose -w*d - 112 + 472 = 0. What is the tens digit of d?
9
Let o = 1065 - 1586. Let j = o - -281. Let i = -97 - j. What is the units digit of i?
3
Suppose -5*n + 7*v - 5*v + 82 = 0, -2*n + v + 32 = 0. What is the units digit of (0 + 2361/(-18))/((-3)/n)?
7
Suppose -4*s = l - 7765, 3*s - 6360 + 565 = 5*l. What is the tens digit of s?
4
Let w(o) = 89*o**2 - 50*o + 369. What is the hundreds digit of w(6)?
2
Let b(d) be the first derivative of -d**4/4 + 4*d**3/3 + 9*d**2/2 - 8*d - 15. Let f be b(5). Suppose 4*o + 456 = f*o. What is the units digit of o?
7
Suppose 5*p - 16 = -3*m, 9*m - p - 8 = 4*m. Suppose m*u - 2315 = 3*i, -1493 + 329 = -u - 5*i. What is the tens digit of u?
5
Let x = 61626 + -17438. What is the hundreds digit of